ase 7
-120151241
Convert 110101110001101011010 (base 2) to base 4.
12232031122
Convert 1150372 (base 8) to base 13.
b0892
Convert -3002231203 (base 4) to base 10.
-797539
What is 1598994 (base 13) in base 4?
122203012311
-31241441 (base 5) to base 10
-258996
38145 (base 11) to base 3
2210002110
186aa (base 13) to base 16
b8bb
What is 5634674 (base 9) in base 4?
23210320123
What is -2e842 (base 15) in base 12?
-73022
251208 (base 10) to base 12
101460
Convert 575d5 (base 14) to base 9.
353381
1144014 (base 8) to base 16
4c80c
16628 (base 11) to base 5
1222013
-108ba30 (base 12) to base 7
-35651565
What is 110011110011111101 (base 2) in base 11?
135499
-927bb (base 15) to base 6
-13540422
291358 (base 16) to base 8
12211530
Convert -20125315 (base 6) to base 12.
-23683b
10d1e2 (base 16) to base 11
6931a7
Convert -5bad77 (base 15) to base 13.
-ba9568
What is 333873 (base 12) in base 10?
815127
-5b3689 (base 12) to base 10
-1478409
Convert -9b94a9 (base 12) to base 13.
-68c739
What is 1111101011100010011011 (base 2) in base 13?
b0bc58
What is 90933 (base 15) in base 4?
1233233202
Convert -111011100101000110101 (base 2) to base 10.
-1952309
-148004 (base 12) to base 4
-1110120010
73001 (base 11) to base 4
121333301
What is -99950 (base 11) in base 10?
-144892
What is 1100111111001000000101 (base 2) in base 7?
40636024
Convert -200120202002121 (base 3) to base 2.
-100101101011000101111001
-a3707 (base 12) to base 9
-354847
Convert -15d847 (base 14) to base 4.
-2323103213
-3466454 (base 7) to base 8
-1525212
What is -38089b (base 12) in base 8?
-3370367
What is -1121122201010 (base 3) in base 11?
-537652
What is -284d4 (base 15) in base 2?
-11111100101000101
Convert 2141562 (base 7) to base 14.
6b869
524570 (base 8) to base 3
22212022100
What is -36097 (base 11) in base 15?
-1062a
-111100013 (base 4) to base 8
-252007
Convert c53db (base 16) to base 6.
25152135
What is -110101110001011110010 (base 2) in base 4?
-12232023302
Convert -2315203 (base 9) to base 4.
-10301101200
-1512832 (base 9) to base 6
-25523302
36c94 (base 16) to base 5
24140104
What is 217137 (base 8) in base 6?
1323223
1600831 (base 9) to base 16
d868b
210002021220 (base 3) to base 11
263896
What is 9930e3 (base 15) in base 12?
2540896
What is -20c0592 (base 13) in base 10?
-9997314
Convert 521123 (base 10) to base 4.
1333032203
Convert 6154601 (base 7) to base 6.
23441045
Convert 4d2b0b (base 14) to base 10.
2658359
-e68a (base 16) to base 6
-1133122
-1122121101002 (base 3) to base 13
-249827
-500325 (base 9) to base 16
-48257
What is 10101011001000011101 (base 2) in base 5?
134412312
17447711 (base 10) to base 5
13431311321
15231184 (base 9) to base 8
34722331
21123333 (base 4) to base 13
14796
Convert 1b6a2b4 (base 12) to base 6.
325413544
-6835403 (base 9) to base 13
-9c01bc
What is 373aa (base 13) in base 5?
11223314
What is -5224884 (base 11) in base 12?
-3105105
5053411 (base 7) to base 8
2226613
45723 (base 15) to base 6
4423023
-10010101110000000 (base 2) to base 6
-1350544
-6eb78 (base 15) to base 4
-1112110310
What is -27165 (base 12) in base 16?
-d21d
What is -133020331 (base 6) in base 8?
-12117337
What is 142323021 (base 5) in base 15?
eacc6
What is -69051d (base 15) in base 14?
-946c96
30305454 (base 6) to base 10
864394
What is 1160250 (base 9) in base 7?
5232630
Convert 25444212 (base 7) to base 6.
121331150
Convert -159324b (base 12) to base 7.
-52406000
What is 3a6706 (base 11) in base 9?
1172645
What is -2032242 (base 5) in base 12?
-17433
1210312203 (base 4) to base 9
688580
-20213365 (base 9) to base 8
-44763636
-265052 (base 7) to base 13
-19868
Convert 9ab96 (base 12) to base 14.
54cdc
Convert -2023211332 (base 4) to base 14.
-10c530
Convert 65822 (base 12) to base 2.
100000110001011010
What is 100101011211 (base 3) in base 8?
550367
What is 101112021202200 (base 3) in base 14?
a59321
2743977 (base 10) to base 16
29dea9
What is 1345533 (base 6) in base 15?
179b9
-111223421 (base 5) to base 16
-78349
Convert -212012120202 (base 3) to base 5.
-104104104
-10011111100110 (base 2) to base 9
-15008
-1000213132 (base 4) to base 7
-2151430
Convert -536508 (base 11) to base 2.
-11010001011010110001
Convert 22111220 (base 7) to base 13.
517994
-1100201122002 (base 3) to base 14
-14b63a
Convert -1301775 (base 12) to base 14.
-6d3397
Convert -3384814 (base 9) to base 8.
-6761317
21215 (base 15) to base 5
11330340
Convert 1324100 (base 5) to base 16.
6897
34e365 (base 16) to base 9
6462515
Convert 10650350 (base 7) to base 11.
58a72a
Convert 9561 (base 10) to base 3.
111010010
Convert 5731360 (base 8) to base 12.
62a980
Convert 305410 (base 9) to base 4.
230032011
Convert 2127767 (base 8) to base 13.
16c1b0
Convert -120305340 (base 6) to base 7.
-25146444
-39a546a (base 11) to base 2
-11010011000111010000111
62011552 (base 7) to base 5
2311221312
102534 (base 9) to base 14
182d1
-1164345 (base 8) to base 12
-136259
Convert 10100101000000111 (base 2) to base 13.
2c5c0
-1572b6 (base 12) to base 9
-615653
What is -23ad42 (base 16) in base 15?
-312b94
What is -10121210012010 (base 3) in base 4?
-13111321122
Convert 1c5da (base 16) to base 9.
186335
-5743246 (base 10) to base 11
-3272a93
What is 1fceaf (base 16) in base 6?
112402331
Convert -706420 (base 8) to base 3.
-102211020021
What is -231331321 (base 4) in base 3?
-100120021101
-511c6 (base 15) to base 16
-3eb8f
What is -201133221 (base 4) in base 5?
-13342233
Convert 41948 (base 10) to base 6.
522112
-111000011010010110 (base 2) to base 10
-231062
727563 (base 15) to base 6
312345050
Convert 102997 (base 14) to base 8.
2050671
Convert 375407 (base 8) to base 13.
47107
1230313033 (base 4) to base 13
127c63
What is -12110120101021 (base 3) in base 2?
-1011000101001000100101
What is 72d4a (base 14) in base 2?
1000011101000010110
-36448b (base 12) to base 8
-3263653
What is -4a129 (base 16) in base 6?
-10300345
-827c50 (base 14) to base 2
-10000110010011110011110
-102012021200 (base 3) to base 2
-110101110011001101
-658a734 (base 11) to base 4
-230013231313
What is -10230103233 (base 4) in base 11?
-77018a
4baa4 (base 12) to base 15
20a11
What is 235682 (base 10) in base 15?
49c72
Convert 50ba69 (base 12) to base 2.
100110100110000110001
111110202210100 (base 3) to base 2
11011010100000100010101
Convert -2033321101 (base 4) to base 13.
-17836c
Convert -11425222 (base 7) to base 12.
-40b4b7
12136643 (base 9) to base 3
102011020201110
What is 473842 (base 9) in base 15?
5969b
-12372827 (base 9) to base 11
-3477302
Convert b07021 (base 13) to base 3.
21201021122010
What is 1012102111222 (base 3) in base 10?
638252
-352795 (base 13) to base 10
-1262383
Convert 2132123001 (base 4) to base 3.
1012222010020
-4358c (base 16) to base 11
-179285
-1122511425 (base 6) to base 14
-19217a9
51110321 (base 6) to base 13
3bc67a
-2473372 (base 8) to base 5
-133421233
10001111111001101 (base 2) to base 8
217715
316082 (base 15) to base 10
2349122
What is -110211011110 (base 3) in base 7?
-2100504
What is -12332537 (base 8) in base 14?
-5121d5
3153614 (base 7) to base 10
383093
330157 (base 13) to base 14
233363
Convert 173274 (base 10) to base 13.
60b3a
What is 7654101 (base 8) in base 11?
11833a3
Convert 23243124 (base 6) to base 15.
e3aa1
Convert -110000100101111010 (base 2) to base 3.
-101010000122
Convert -115204111 (base 6) to base 14.
-4171c7
514868 (base 12) to base 16
136cd0
What is 76a5a (base 14) in base 5?
33144131
5146b7 (base 15) to base 6
214442014
What is -1102222021121 (base 3) in base 7?
-6343324
Convert 1212011121010 (base 3) to base 14.
1b9c3b
Convert 503402 (base 7) to base 16.
14d0e
-1201120201 (base 3) to base 15
-a0dd
What is 2355035 (base 6) in base 16?
1e53f
What is -1100001010111010 (base 2) in base 14?
-1424a
-673745 (base 16) to base 5
-3212424412
-243cd2a (base 14) to base 10
-17361130
Convert 68a2a66 (base 11) to base 8.
56022440
Convert -20120203 (base 4) to base 13.
-12826
What is 2004626 (base 7) in base 8?
716670
Convert 221424401 (base 5) to base 2.
11101100001100110100
468133 (base 12) to base 6
40144503
What is 555923 (base 12) in base 15?
1bc4a3
20020111022 (base 3) to base 10
122831
What is -102055355 (base 6) in base 16?
-1b2b97
-1689756 (base 11) to base 9
-5350885
Convert 12154125 (base 6) to bas